3*a - 86. Let p = a + 258. What is the tens digit of p?
7
Let v(t) = 2*t**2 - 9*t - 9. Let l(u) = -u + 5. Let z be l(9). What is the units digit of v(z)?
9
Let p(o) = 2*o + 29. Let k be p(-14). What is the units digit of (k - -13)/((-4)/(-14))?
9
Let x(j) = -12*j - 10 + 22*j - 11 - 11*j. Let q be x(10). What is the tens digit of (0 + 4)/2 - q?
3
Suppose 3*v = -5*y + 4 + 12, -2*y + 5*v - 6 = 0. Suppose -8 + y = -t. What is the units digit of t?
6
Suppose 2054 + 106 = 6*a. What is the hundreds digit of a?
3
Let x(g) = 2 + 6*g - 7*g + 0*g - 2*g**3 - 3*g**2. What is the units digit of x(-4)?
6
Suppose -i = -3, 0 = -5*w - 5*i + 2*i + 14. What is the tens digit of (-200 - w)/(-3) + -3?
6
Let g be (-92)/(-22) + (-2)/11. What is the units digit of 2/(-4)*g - (-6)/1?
4
What is the units digit of -3*((-369)/6)/((-2)/(-4))?
9
Let s = 1524 + -148. What is the tens digit of s/13 - 24/(-156)?
0
What is the units digit of (1 + -1 + 195)/(207/138)?
0
Let m = 10 + -8. Suppose -260 = -2*l - m*l. What is the tens digit of l?
6
What is the thousands digit of (((-1069950)/40)/21)/(5/(-8))?
2
What is the tens digit of 16/(-24)*-516 - (-1 - -1)?
4
Let j be 34/6 - 1/(-3). Suppose 0 = -2*q + 4*r + 370, 3*r = j*r. What is the hundreds digit of q?
1
Let r(d) = 7*d + 1. Let c be r(-9). Let y = 89 + c. What is the tens digit of y?
2
Let l(u) = -u**3 + 3*u**2 + 6*u - 6. Let g be l(4). Suppose 4*t - 143 = c, -t = 3*c - g*c - 42. What is the units digit of t?
7
Let h(j) = -j**3 - 13*j**2 - j - 8. Let f be h(-13). Suppose 4*w - 150 = -2*i, 6*i - f*w = i + 300. What is the tens digit of i?
6
Let m = -1 - -6. Let k(t) = 16*t + 204. Let j be k(-12). Suppose 5*y - 35 = -m*l, y + 0*l + 2*l = j. What is the units digit of y?
2
Suppose 0 = -0*g - 5*g - 4*a + 90, -3*g - 3*a + 51 = 0. Let x be g/6*(7 + -4). Let b(f) = -f**2 + 11*f + 5. What is the units digit of b(x)?
5
Let f(y) = -8*y + 2. Let k be f(-2). Suppose -3*i + 3 = -15. Let t = i + k. What is the units digit of t?
4
Let y = 165 - 102. Let l be (-4)/(-14) - (-297)/y. Suppose 29 = 5*h - 2*v, l*v - 22 - 28 = -5*h. What is the units digit of h?
7
Let g be (11/(-2))/((-3)/6). Suppose -g*s + 1270 = 335. What is the tens digit of s?
8
Let s(j) = -2 - j**2 + 4*j + 1 + 5 - 2*j. What is the units digit of s(2)?
4
Let l(a) = -184*a**2 + a + 5. Let z be l(6). Let s be (-4)/18 + z/(-153). Suppose x = -o - x + s, 4*o = -x + 151. What is the tens digit of o?
3
Let i = 53 - 24. What is the units digit of i?
9
Suppose -5275 = 7*a - 32*a. What is the units digit of a?
1
Let k = 1188 - 515. What is the units digit of k?
3
Suppose r = 2*d + 435, -5*r + 9*d + 2215 = 7*d. What is the hundreds digit of r?
4
What is the tens digit of ((-5)/(25/16))/(2/(-10))?
1
Suppose h - 60 = -2*h. Let a = 10 - -5. Let t = h + a. What is the tens digit of t?
3
Let x = 28 - 8. Let r = -10 + x. Suppose -b + 12 + r = 0. What is the tens digit of b?
2
Suppose 2406 = 4*t - 7*w + 5*w, -5*t + w = -3006. What is the hundreds digit of t?
6
What is the thousands digit of 357/(-34)*2830/(-15)?
1
Let a(w) be the second derivative of -w**5/20 + w**4/4 + 2*w**3/3 + w**2 - 6*w. Let l be a(4). Suppose 15 = l*x - 65. What is the tens digit of x?
4
Suppose -3*q = -448 - 1154. What is the hundreds digit of q?
5
Suppose -2*s - 3*h + 24 = 0, 3 = 3*s - 4*h + 1. Let k(c) = 2*c**3 - 5*c**2 + 8*c + 6. Let b be k(s). What is the tens digit of (3 - 2)/(9/b)?
3
Suppose 28156 = 5*k - 57*a + 53*a, -3*a + 5616 = k. What is the hundreds digit of k?
6
Let j be (-2277)/7 - ((-32)/14 - -2). Let i = j + 569. What is the units digit of i?
4
Suppose 12 = -7*r + 3*r, 3*g = 3*r + 123. What is the units digit of g?
8
Let b(j) = j - 2. Let w be b(7). Let n = w + 3. Suppose 2*m - 28 = -2*x - 2*x, n = 2*x. What is the units digit of m?
6
Let j = -124 - -202. Suppose 20*n - j = 18*n. What is the tens digit of n?
3
Suppose 4*w + 2*s - 4968 = 0, 2*w - 5*s = -4*s + 2484. What is the units digit of w?
2
Let w(a) = 2*a**3 + 37*a**2 + 8*a + 134. What is the hundreds digit of w(-18)?
3
Let u(p) = 76*p**2 - 7*p - 22. What is the tens digit of u(5)?
4
Suppose -26*r = -25*r. Suppose r = -16*i + 17*i - 67. Suppose 242 = 5*q + i. What is the tens digit of q?
3
Let d = 2902 - 1735. What is the tens digit of d?
6
Let k(p) = -p**2 + 15*p - 40. Let h be k(6). Let u = -2 + 0. What is the units digit of (1/(-1))/(u/h)?
7
Let p(a) = 48*a**3 + 5*a**2 - 15*a + 12. What is the thousands digit of p(5)?
6
Suppose -8 = 15*t - 11*t. Let n(g) = -7*g**3 + g**2 - g + 1. What is the tens digit of n(t)?
6
Let j(c) = -8*c**2 - 7*c - 4. Let s(h) be the first derivative of 3*h**3 + 4*h**2 + 5*h - 2. Let k(i) = -6*j(i) - 5*s(i). What is the units digit of k(-3)?
0
Let h(d) be the first derivative of d**4/4 - 7*d**3/3 - 13*d**2/2 + 3*d + 11. What is the tens digit of h(9)?
4
Suppose -2*n + 542 = -4*n. Let b = -111 - n. Suppose -3*s + 4*k + 104 = -0*k, 5*s - 4*k - b = 0. What is the tens digit of s?
2
Let d(i) = -3*i - 2. Let o be d(-2). Suppose 0 = 5*p + 10, -o*r = 3*p - 14. Suppose 2*b = -5*u - 0*b + 20, 0 = -5*u + 3*b - r. What is the units digit of u?
2
Let d = 1 - -1. Suppose 5*l - 801 = 4*p - 86, d*l = 3*p + 538. Let s = -106 - p. What is the tens digit of s?
7
Suppose 2*d = -o + 1466, d + 108 = o - 1355. What is the tens digit of o?
6
Let y = 23 - 1. Suppose y + 82 = 5*k - 3*i, 0 = 4*k + 2*i - 70. What is the tens digit of k?
1
Let m(j) = 8*j**3 - 5*j**2 + 7*j - 13. Let u(x) = 7*x**3 - 6*x**2 + 6*x - 14. Let w(y) = 6*m(y) - 7*u(y). What is the tens digit of w(12)?
2
What is the hundreds digit of 6*42/(-90)*-850?
3
Suppose -4*v + 4*i - 41 + 121 = 0, 3*i = -3*v + 78. Let n = 13 - v. Let g(k) = -k**2 - 12*k - 9. What is the units digit of g(n)?
1
Suppose 8*q - 91*q = -75115. What is the tens digit of q?
0
Let a(m) = -16*m**2 - m + 1. Let w(k) = k**2 + k + 1. Let c(b) = -a(b) - 3*w(b). Let p = 9 + -11. What is the units digit of c(p)?
2
Let g(u) = 22*u**2 + 3*u + 3. Let c = -27 + 25. What is the tens digit of g(c)?
8
Suppose -2494 - 354 = -4*v - 4*m, 0 = -v - 3*m + 706. What is the tens digit of v?
1
Let n(h) = 5*h + 14. Let r be n(-3). Let o(p) = -167*p**3 + 2*p**2 + p. What is the units digit of o(r)?
8
Suppose 112*m + 14190 = 127*m. What is the hundreds digit of m?
9
Let c be -1*(-2)/9 + 560/72. Let u(b) = 4*b - 27. What is the units digit of u(c)?
5
Let a be (41/4 - 4)*-4. Let n = a + 28. What is the tens digit of ((-35)/(-3))/(1/n)?
3
Suppose 2*h = 165 + 157. What is the hundreds digit of h - -9*(8/(-6) + 1)?
1
Let k = -24 - -162. Suppose 6*z = 3*z + k. What is the units digit of z?
6
Let q be (1 - 3)/((-16)/(-184)). Let a = q + 83. What is the tens digit of a?
6
Suppose -2*b - 2 = 14. Let w = -3 - b. Suppose -w*i - 2 = -7*i. What is the units digit of i?
1
Suppose 3*q - 4*v + 2 = 0, -4*q = 3*v - v - 12. Suppose 6*u = 14 - q. Suppose u*b - 75 = 7. What is the tens digit of b?
4
Let i be (-680)/(-2) + -8*(-3)/(-6). Suppose 0 = b + b - i. What is the tens digit of b?
6
What is the units digit of (2/(-2))/(6/(-84))?
4
Let a = -15 + 51. Suppose g - a = -2*g. Suppose -4*p = q - g - 8, -5 = -p + 4*q. What is the units digit of p?
5
Let i be 11*(2 - 1/1). Suppose -24 - i = -s. Let f = s - 23. What is the tens digit of f?
1
Let g = -93 - -73. What is the units digit of 8/g*(4 - 84)?
2
Let q(j) = 2*j**2 - 55*j + 192. What is the hundreds digit of q(33)?
5
Suppose 4*m = 50*m - 247756. What is the tens digit of m?
8
Let q(c) = 9*c + 37. What is the hundreds digit of q(15)?
1
Suppose -1950 = -4*w + b, -2*w + 970 = -44*b + 41*b. What is the units digit of w?
8
Suppose 2*v + 2*d - 1184 = 0, v = -2*d + 424 + 166. What is the units digit of v?
4
Let r be (-4)/(-10) - (-7)/(105/16554). Suppose 9*p = r - 105. What is the units digit of p?
1
Suppose 3*b = 1153 + 389. What is the tens digit of b?
1
Suppose 0 = -4*a + 8*a. Let v(n) = a*n**3 - 29 + 3*n + 37 - n**3 - 8*n - 10*n**2. What is the units digit of v(-10)?
8
Let s be (-23 + -1 - -2) + -3. Let t = s - -22. What is the units digit of (-142)/t + (-44)/33?
6
Let o(n) = 2*n**2 + 13*n + 30. What is the tens digit of o(-15)?
8
Let i(t) = t**2 + 2*t - 14. Let g be i(6). Let x = g + -9. What is the units digit of x?
5
Let t = -578 - -630. What is the tens digit of t?
5
Let s be (-9)/(9/(-2)) - -2. Let 